{"id":2549,"date":"2020-12-14T20:48:03","date_gmt":"2020-12-14T19:48:03","guid":{"rendered":"http:\/\/mag-art.de\/?page_id=2549"},"modified":"2022-06-20T21:59:14","modified_gmt":"2022-06-20T19:59:14","slug":"vita","status":"publish","type":"page","link":"http:\/\/www.mag-art.de\/?page_id=2549","title":{"rendered":"Vita"},"content":{"rendered":"\n<div class=\"wp-block-media-text alignwide is-stacked-on-mobile\"><figure class=\"wp-block-media-text__media\"><img decoding=\"async\" loading=\"lazy\" width=\"549\" height=\"600\" src=\"http:\/\/www.mag-art.de\/wp-content\/uploads\/2022\/06\/ich1.jpg\" alt=\"\" class=\"wp-image-2795\" srcset=\"http:\/\/www.mag-art.de\/wp-content\/uploads\/2022\/06\/ich1.jpg 549w, http:\/\/www.mag-art.de\/wp-content\/uploads\/2022\/06\/ich1-275x300.jpg 275w\" sizes=\"(max-width: 549px) 100vw, 549px\" \/><\/figure><div class=\"wp-block-media-text__content\">\n<p>Mein Name ist Margot Straub, ich wurde im Jahre 1968 in Karlsruhe geboren.<\/p>\n\n\n\n<p>Freunde nennen mich Mag oder Maggi, ich liebe es schon immer zu malen und zu zeichnen, da ich hierbei all meinen Gef\u00fchlen freien Lauf lassen kann, was im wirklichen Leben nicht immer so leicht zu handhaben ist. Zu meinen Lieblingsfarben z\u00e4hlt rot, die Farbe der Liebe, sie w\u00e4rmt und brennt gleichzeitig, daher verwende ich diese immer wieder gerne.<\/p>\n\n\n\n<p>Lange Zeit habe ich mit der Malerei ausgesetzt, da mir die Zeit mit meinen Kindern, als diese noch klein waren wichtiger war und ich auch mit Ihnen meine Kreativit\u00e4t ausleben konnte. Heute sind diese schon erwachsen und jeder ist f\u00fcr sich auf seine Art kreativ geworden, worauf ich stolz bin.<\/p>\n\n\n\n<p>Da meine Kinder l\u00e4ngst schon au\u00dfer Haus sind und teilweise selbst schon Kinder haben, kann ich mich wieder voll diesen wundersch\u00f6nen Hobbys, Malerei und seit 2019 nun auch mein Interesse am T\u00f6pfern, widmen. Individualit\u00e4t, Kreativit\u00e4t und vor allem Spa\u00df am Gestalten, das sind die Dinge die meine Arbeiten auszeichnen und sie einzigartig machen und mir, in meiner Freizeit, den Ausgleich zur B\u00fcrot\u00e4tigkeit bringen. <\/p>\n<\/div><\/div>\n\n\n\n<p>Ton, ein tolles Material aus dem sich so vieles gestalten l\u00e4sst. Leinw\u00e4nde \/ Keilrahmen sind geduldig, Gem\u00e4lde sind Briefe an Jedermann, die jeder mit und f\u00fcr sich selbst interpretiert.Gef\u00fchlsduseleien, Lebenslust und Frust, Tr\u00e4ume, W\u00fcnsche, Ideen und Gedanken all dies lasse ich immer wieder gerne auf meine Werke\/ Bilder einwirken. Gef\u00fchle sind immer da und somit auch immer neue Ideen.<\/p>\n\n\n\n<p>Auch der Betrachter kann sich vielleicht in dem einen oder anderen Gem\u00e4lde mit seinen Gef\u00fchlen und Gedanken wieder finden.<\/p>\n\n\n\n<p>Meine Gem\u00e4lde &#8211; meine T\u00f6pferwerke sind keine schnelle Besch\u00e4ftigung , nichts was man so nebenher macht. meine Kunst zu malen und zu t\u00f6pfern erfordert vor allem Hingabe. L\u00e4sst man sich darauf ein, entstehen neben der eigentlichen Arbeit- tiefe Momente des Gl\u00fccks.<\/p>\n\n\n\n<p>Viel Spa\u00df beim Betrachten meiner Werke, meiner kleinen fantasiereichen Bilderwelt!<\/p>\n\n\n\n<hr class=\"wp-block-separator\"\/>\n\n\n\n<figure class=\"is-layout-flex wp-block-gallery-1 wp-block-gallery columns-3 is-cropped\"><ul class=\"blocks-gallery-grid\"><li class=\"blocks-gallery-item\"><figure><img decoding=\"async\" loading=\"lazy\" width=\"966\" height=\"965\" src=\"http:\/\/mag-art.de\/wp-content\/uploads\/2021\/10\/20201208_141507.jpg\" alt=\"\" data-id=\"2670\" data-full-url=\"http:\/\/mag-art.de\/wp-content\/uploads\/2021\/10\/20201208_141507.jpg\" data-link=\"http:\/\/mag-art.de\/?attachment_id=2670\" class=\"wp-image-2670\" srcset=\"http:\/\/www.mag-art.de\/wp-content\/uploads\/2021\/10\/20201208_141507.jpg 966w, http:\/\/www.mag-art.de\/wp-content\/uploads\/2021\/10\/20201208_141507-300x300.jpg 300w, http:\/\/www.mag-art.de\/wp-content\/uploads\/2021\/10\/20201208_141507-150x150.jpg 150w, http:\/\/www.mag-art.de\/wp-content\/uploads\/2021\/10\/20201208_141507-768x767.jpg 768w, http:\/\/www.mag-art.de\/wp-content\/uploads\/2021\/10\/20201208_141507-650x650.jpg 650w, http:\/\/www.mag-art.de\/wp-content\/uploads\/2021\/10\/20201208_141507-600x599.jpg 600w, http:\/\/www.mag-art.de\/wp-content\/uploads\/2021\/10\/20201208_141507-100x100.jpg 100w\" sizes=\"(max-width: 966px) 100vw, 966px\" \/><\/figure><\/li><li class=\"blocks-gallery-item\"><figure><img decoding=\"async\" loading=\"lazy\" width=\"1024\" height=\"1024\" src=\"http:\/\/mag-art.de\/wp-content\/uploads\/2021\/10\/20210721_081158-1024x1024.jpg\" alt=\"\" data-id=\"2668\" data-full-url=\"http:\/\/mag-art.de\/wp-content\/uploads\/2021\/10\/20210721_081158-scaled.jpg\" data-link=\"http:\/\/mag-art.de\/?attachment_id=2668\" class=\"wp-image-2668\" srcset=\"http:\/\/www.mag-art.de\/wp-content\/uploads\/2021\/10\/20210721_081158-1024x1024.jpg 1024w, http:\/\/www.mag-art.de\/wp-content\/uploads\/2021\/10\/20210721_081158-300x300.jpg 300w, http:\/\/www.mag-art.de\/wp-content\/uploads\/2021\/10\/20210721_081158-150x150.jpg 150w, http:\/\/www.mag-art.de\/wp-content\/uploads\/2021\/10\/20210721_081158-768x768.jpg 768w, http:\/\/www.mag-art.de\/wp-content\/uploads\/2021\/10\/20210721_081158-1536x1536.jpg 1536w, http:\/\/www.mag-art.de\/wp-content\/uploads\/2021\/10\/20210721_081158-2048x2048.jpg 2048w, http:\/\/www.mag-art.de\/wp-content\/uploads\/2021\/10\/20210721_081158-650x650.jpg 650w, http:\/\/www.mag-art.de\/wp-content\/uploads\/2021\/10\/20210721_081158-1300x1300.jpg 1300w, http:\/\/www.mag-art.de\/wp-content\/uploads\/2021\/10\/20210721_081158-600x600.jpg 600w, http:\/\/www.mag-art.de\/wp-content\/uploads\/2021\/10\/20210721_081158-100x100.jpg 100w\" sizes=\"(max-width: 1024px) 100vw, 1024px\" \/><\/figure><\/li><li class=\"blocks-gallery-item\"><figure><img decoding=\"async\" loading=\"lazy\" width=\"1024\" height=\"1024\" src=\"http:\/\/mag-art.de\/wp-content\/uploads\/2021\/10\/20201119_003000-1024x1024.jpg\" alt=\"\" data-id=\"2672\" data-full-url=\"http:\/\/mag-art.de\/wp-content\/uploads\/2021\/10\/20201119_003000-scaled.jpg\" data-link=\"http:\/\/mag-art.de\/?attachment_id=2672\" class=\"wp-image-2672\" srcset=\"http:\/\/www.mag-art.de\/wp-content\/uploads\/2021\/10\/20201119_003000-1024x1024.jpg 1024w, http:\/\/www.mag-art.de\/wp-content\/uploads\/2021\/10\/20201119_003000-300x300.jpg 300w, http:\/\/www.mag-art.de\/wp-content\/uploads\/2021\/10\/20201119_003000-150x150.jpg 150w, http:\/\/www.mag-art.de\/wp-content\/uploads\/2021\/10\/20201119_003000-768x768.jpg 768w, http:\/\/www.mag-art.de\/wp-content\/uploads\/2021\/10\/20201119_003000-1536x1536.jpg 1536w, http:\/\/www.mag-art.de\/wp-content\/uploads\/2021\/10\/20201119_003000-2048x2048.jpg 2048w, http:\/\/www.mag-art.de\/wp-content\/uploads\/2021\/10\/20201119_003000-650x650.jpg 650w, http:\/\/www.mag-art.de\/wp-content\/uploads\/2021\/10\/20201119_003000-1300x1300.jpg 1300w, http:\/\/www.mag-art.de\/wp-content\/uploads\/2021\/10\/20201119_003000-600x600.jpg 600w, http:\/\/www.mag-art.de\/wp-content\/uploads\/2021\/10\/20201119_003000-100x100.jpg 100w\" sizes=\"(max-width: 1024px) 100vw, 1024px\" \/><\/figure><\/li><\/ul><\/figure>\n\n\n\n<p><strong>Ausstellungen:<\/strong><\/p>\n\n\n\n<p><strong>2014 <\/strong>Ausstellung in Baden Baden im Vereinsheim der Baden Rinos<\/p>\n\n\n\n<p>Seit <strong>2015 <\/strong>sind ein paar Gem\u00e4lde in der Kinderklinik in Karlsruhe Zuhause, wo sie in der Ambulanz einen festen Platz gefunden haben.<\/p>\n\n\n\n<p>Seit<strong> 2017<\/strong> sind ein Teil meiner Gem\u00e4lde, in den R\u00e4umen des Dienstleistungszentrum der AOK Karlsruhe, in Ausstellung<\/p>\n\n\n\n<p>und<\/p>\n\n\n\n<p>Seit <strong>2019 <\/strong>auch bei der Firma BAUKO-tec, in M\u00fchlacker,\u00a0 in den B\u00fcror\u00e4umen so wie auch auf den Fluren.<\/p>\n\n\n\n<p>Juni <strong>2022<\/strong> Gemeinschaftsausstellung mit Michaela Rosenthal im Remchingen<\/p>\n\n\n\n<p>Bis Ende des Jahres sind noch 3 weitere Ausstellungen meiner Gem\u00e4lde sowie meiner Keramiken,\u00a0 in Karlsruhe, in \u00a0Wittnau bei Freiburg, so wie eine gro\u00dfe eigene in Leopoldshafen in Planung,  worauf ich mich schon jetzt sehr freue<\/p>\n\n\n\n<p><\/p>\n","protected":false},"excerpt":{"rendered":"<p>Mein Name ist Margot Straub, ich wurde im Jahre 1968 in Karlsruhe geboren. Freunde nennen mich Mag oder Maggi, ich liebe es schon immer zu malen und zu zeichnen, da ich hierbei all meinen Gef\u00fchlen freien Lauf lassen kann, was im wirklichen Leben nicht immer so leicht zu handhaben ist. Zu meinen Lieblingsfarben z\u00e4hlt rot, [&hellip;]<\/p>\n","protected":false},"author":1,"featured_media":0,"parent":0,"menu_order":0,"comment_status":"closed","ping_status":"closed","template":"","meta":[],"_links":{"self":[{"href":"http:\/\/www.mag-art.de\/index.php?rest_route=\/wp\/v2\/pages\/2549"}],"collection":[{"href":"http:\/\/www.mag-art.de\/index.php?rest_route=\/wp\/v2\/pages"}],"about":[{"href":"http:\/\/www.mag-art.de\/index.php?rest_route=\/wp\/v2\/types\/page"}],"author":[{"embeddable":true,"href":"http:\/\/www.mag-art.de\/index.php?rest_route=\/wp\/v2\/users\/1"}],"replies":[{"embeddable":true,"href":"http:\/\/www.mag-art.de\/index.php?rest_route=%2Fwp%2Fv2%2Fcomments&post=2549"}],"version-history":[{"count":12,"href":"http:\/\/www.mag-art.de\/index.php?rest_route=\/wp\/v2\/pages\/2549\/revisions"}],"predecessor-version":[{"id":2870,"href":"http:\/\/www.mag-art.de\/index.php?rest_route=\/wp\/v2\/pages\/2549\/revisions\/2870"}],"wp:attachment":[{"href":"http:\/\/www.mag-art.de\/index.php?rest_route=%2Fwp%2Fv2%2Fmedia&parent=2549"}],"curies":[{"name":"wp","href":"https:\/\/api.w.org\/{rel}","templated":true}]}}

<div class="wp-block-media-text alignwide is-stacked-on-mobile"><figure class="wp-block-media-text__media"><img decoding="async" loading="lazy" width="549" height="600" src="http://www.mag-art.de/wp-content/uploads/2022/06/ich1.jpg" alt="" class="wp-image-2795" srcset="http://www.mag-art.de/wp-content/uploads/2022/06/ich1.jpg 549w, http://www.mag-art.de/wp-content/uploads/2022/06/ich1-275x300.jpg 275w" sizes="(max-width: 549px) 100vw, 549px" /></figure><div class="wp-block-media-text__content">
<p>Mein Name ist Margot Straub, ich wurde im Jahre 1968 in Karlsruhe geboren.</p>



<p>Freunde nennen mich Mag oder Maggi, ich liebe es schon immer zu malen und zu zeichnen, da ich hierbei all meinen Gefühlen freien Lauf lassen kann, was im wirklichen Leben nicht immer so leicht zu handhaben ist. Zu meinen Lieblingsfarben zählt rot, die Farbe der Liebe, sie wärmt und brennt gleichzeitig, daher verwende ich diese immer wieder gerne.</p>



<p>Lange Zeit habe ich mit der Malerei ausgesetzt, da mir die Zeit mit meinen Kindern, als diese noch klein waren wichtiger war und ich auch mit Ihnen meine Kreativität ausleben konnte. Heute sind diese schon erwachsen und jeder ist für sich auf seine Art kreativ geworden, worauf ich stolz bin.</p>



<p>Da meine Kinder längst schon außer Haus sind und teilweise selbst schon Kinder haben, kann ich mich wieder voll diesen wunderschönen Hobbys, Malerei und seit 2019 nun auch mein Interesse am Töpfern, widmen. Individualität, Kreativität und vor allem Spaß am Gestalten, das sind die Dinge die meine Arbeiten auszeichnen und sie einzigartig machen und mir, in meiner Freizeit, den Ausgleich zur Bürotätigkeit bringen. </p>
</div></div>



<p>Ton, ein tolles Material aus dem sich so vieles gestalten lässt. Leinwände / Keilrahmen sind geduldig, Gemälde sind Briefe an Jedermann, die jeder mit und für sich selbst interpretiert.Gefühlsduseleien, Lebenslust und Frust, Träume, Wünsche, Ideen und Gedanken all dies lasse ich immer wieder gerne auf meine Werke/ Bilder einwirken. Gefühle sind immer da und somit auch immer neue Ideen.</p>



<p>Auch der Betrachter kann sich vielleicht in dem einen oder anderen Gemälde mit seinen Gefühlen und Gedanken wieder finden.</p>



<p>Meine Gemälde &#8211; meine Töpferwerke sind keine schnelle Beschäftigung , nichts was man so nebenher macht. meine Kunst zu malen und zu töpfern erfordert vor allem Hingabe. Lässt man sich darauf ein, entstehen neben der eigentlichen Arbeit- tiefe Momente des Glücks.</p>



<p>Viel Spaß beim Betrachten meiner Werke, meiner kleinen fantasiereichen Bilderwelt!</p>



<hr class="wp-block-separator"/>



<figure class="is-layout-flex wp-block-gallery-1 wp-block-gallery columns-3 is-cropped"><ul class="blocks-gallery-grid"><li class="blocks-gallery-item"><figure><img decoding="async" loading="lazy" width="966" height="965" src="http://mag-art.de/wp-content/uploads/2021/10/20201208_141507.jpg" alt="" data-id="2670" data-full-url="http://mag-art.de/wp-content/uploads/2021/10/20201208_141507.jpg" data-link="http://mag-art.de/?attachment_id=2670" class="wp-image-2670" srcset="http://www.mag-art.de/wp-content/uploads/2021/10/20201208_141507.jpg 966w, http://www.mag-art.de/wp-content/uploads/2021/10/20201208_141507-300x300.jpg 300w, http://www.mag-art.de/wp-content/uploads/2021/10/20201208_141507-150x150.jpg 150w, http://www.mag-art.de/wp-content/uploads/2021/10/20201208_141507-768x767.jpg 768w, http://www.mag-art.de/wp-content/uploads/2021/10/20201208_141507-650x650.jpg 650w, http://www.mag-art.de/wp-content/uploads/2021/10/20201208_141507-600x599.jpg 600w, http://www.mag-art.de/wp-content/uploads/2021/10/20201208_141507-100x100.jpg 100w" sizes="(max-width: 966px) 100vw, 966px" /></figure></li><li class="blocks-gallery-item"><figure><img decoding="async" loading="lazy" width="1024" height="1024" src="http://mag-art.de/wp-content/uploads/2021/10/20210721_081158-1024x1024.jpg" alt="" data-id="2668" data-full-url="http://mag-art.de/wp-content/uploads/2021/10/20210721_081158-scaled.jpg" data-link="http://mag-art.de/?attachment_id=2668" class="wp-image-2668" srcset="http://www.mag-art.de/wp-content/uploads/2021/10/20210721_081158-1024x1024.jpg 1024w, http://www.mag-art.de/wp-content/uploads/2021/10/20210721_081158-300x300.jpg 300w, http://www.mag-art.de/wp-content/uploads/2021/10/20210721_081158-150x150.jpg 150w, http://www.mag-art.de/wp-content/uploads/2021/10/20210721_081158-768x768.jpg 768w, http://www.mag-art.de/wp-content/uploads/2021/10/20210721_081158-1536x1536.jpg 1536w, http://www.mag-art.de/wp-content/uploads/2021/10/20210721_081158-2048x2048.jpg 2048w, http://www.mag-art.de/wp-content/uploads/2021/10/20210721_081158-650x650.jpg 650w, http://www.mag-art.de/wp-content/uploads/2021/10/20210721_081158-1300x1300.jpg 1300w, http://www.mag-art.de/wp-content/uploads/2021/10/20210721_081158-600x600.jpg 600w, http://www.mag-art.de/wp-content/uploads/2021/10/20210721_081158-100x100.jpg 100w" sizes="(max-width: 1024px) 100vw, 1024px" /></figure></li><li class="blocks-gallery-item"><figure><img decoding="async" loading="lazy" width="1024" height="1024" src="http://mag-art.de/wp-content/uploads/2021/10/20201119_003000-1024x1024.jpg" alt="" data-id="2672" data-full-url="http://mag-art.de/wp-content/uploads/2021/10/20201119_003000-scaled.jpg" data-link="http://mag-art.de/?attachment_id=2672" class="wp-image-2672" srcset="http://www.mag-art.de/wp-content/uploads/2021/10/20201119_003000-1024x1024.jpg 1024w, http://www.mag-art.de/wp-content/uploads/2021/10/20201119_003000-300x300.jpg 300w, http://www.mag-art.de/wp-content/uploads/2021/10/20201119_003000-150x150.jpg 150w, http://www.mag-art.de/wp-content/uploads/2021/10/20201119_003000-768x768.jpg 768w, http://www.mag-art.de/wp-content/uploads/2021/10/20201119_003000-1536x1536.jpg 1536w, http://www.mag-art.de/wp-content/uploads/2021/10/20201119_003000-2048x2048.jpg 2048w, http://www.mag-art.de/wp-content/uploads/2021/10/20201119_003000-650x650.jpg 650w, http://www.mag-art.de/wp-content/uploads/2021/10/20201119_003000-1300x1300.jpg 1300w, http://www.mag-art.de/wp-content/uploads/2021/10/20201119_003000-600x600.jpg 600w, http://www.mag-art.de/wp-content/uploads/2021/10/20201119_003000-100x100.jpg 100w" sizes="(max-width: 1024px) 100vw, 1024px" /></figure></li></ul></figure>



<p><strong>Ausstellungen:</strong></p>



<p><strong>2014 </strong>Ausstellung in Baden Baden im Vereinsheim der Baden Rinos</p>



<p>Seit <strong>2015 </strong>sind ein paar Gemälde in der Kinderklinik in Karlsruhe Zuhause, wo sie in der Ambulanz einen festen Platz gefunden haben.</p>



<p>Seit<strong> 2017</strong> sind ein Teil meiner Gemälde, in den Räumen des Dienstleistungszentrum der AOK Karlsruhe, in Ausstellung</p>



<p>und</p>



<p>Seit <strong>2019 </strong>auch bei der Firma BAUKO-tec, in Mühlacker,  in den Büroräumen so wie auch auf den Fluren.</p>



<p>Juni <strong>2022</strong> Gemeinschaftsausstellung mit Michaela Rosenthal im Remchingen</p>



<p>Bis Ende des Jahres sind noch 3 weitere Ausstellungen meiner Gemälde sowie meiner Keramiken,  in Karlsruhe, in  Wittnau bei Freiburg, so wie eine große eigene in Leopoldshafen in Planung,  worauf ich mich schon jetzt sehr freue</p>



<p></p>

<p>Mein Name ist Margot Straub, ich wurde im Jahre 1968 in Karlsruhe geboren. Freunde nennen mich Mag oder Maggi, ich liebe es schon immer zu malen und zu zeichnen, da ich hierbei all meinen Gefühlen freien Lauf lassen kann, was im wirklichen Leben nicht immer so leicht zu handhaben ist. Zu meinen Lieblingsfarben zählt rot, [&hellip;]</p>
